*2 + 499*v + 160. Give s(-71).
18
Let g(u) = -u**2 + 158*u + 855. Give g(163).
40
Let j(c) = c**3 - 98*c**2 - 845*c - 318. What is j(106)?
0
Let f(m) = -37*m**2 - 2*m - 17. Give f(-4).
-601
Let i(h) = h**3 + 135*h**2 + 1906*h + 40. What is i(-16)?
8
Let l(y) = 971*y - 73784. Give l(76).
12
Let x(z) = 2*z**3 + 67*z**2 - 91*z + 495. What is x(-35)?
5
Let m(t) = t**2 + 122*t + 365. Determine m(-3).
8
Let h(p) = -p**3 + 34*p**2 + 31*p + 62. Give h(35).
-78
Let y(t) = 157*t - 2180. Determine y(14).
18
Let i(g) = 376*g - 3772. Determine i(10).
-12
Let x(b) = -b**3 - 15*b**2 - 41*b - 23. Give x(-12).
37
Let d(i) = 4*i**3 + 48*i**2 - 117*i - 73. Determine d(-14).
-3
Let n(p) = 2*p**2 - 13*p + 105. What is n(9)?
150
Let i(q) = q**3 + 17*q**2 + 43*q + 471. Determine i(-12).
675
Let u(n) = -3*n**3 + 2*n**2 + 3*n - 82. Calculate u(0).
-82
Let p(w) = 85*w - 688. Determine p(9).
77
Let f(o) = -12*o - 73. Give f(-6).
-1
Let c(g) = -2*g - 22. Give c(-12).
2
Let b(w) = -23*w**2 + 639*w + 150. Calculate b(28).
10
Let z(p) = p**3 + 39*p**2 + 145*p + 165. Give z(-35).
-10
Let l(b) = -2*b**2 + 114*b - 1310. Determine l(41).
2
Let q(s) = -2*s**2 - 52*s - 282. Calculate q(-21).
-72
Let b(f) = -f**3 + 120*f**2 + 222*f + 2677. Give b(122).
-7
Let v(j) = 4*j**2 + 181*j + 168. Determine v(-44).
-52
Let m(j) = 653*j - 1961. What is m(3)?
-2
Let o(k) = 37*k**3 + 7*k + 11. What is o(-2)?
-299
Let l(b) = 265*b + 1596. Give l(-6).
6
Let x(j) = -206*j**2 + 122*j - 3. Give x(1).
-87
Let d(v) = -2*v**3 + 8*v**2 + 108*v - 237. Calculate d(2).
-5
Let u(p) = 309*p - 4922. Calculate u(16).
22
Let c(g) = -g**3 - 3*g**2 - 12*g + 76. Give c(5).
-184
Let o(k) = -k**3 + 36*k - 23. Calculate o(6).
-23
Let p(s) = -507*s - 26359. Determine p(-52).
5
Let w(f) = -f**3 - 2*f**2 - 24*f + 22. What is w(-9)?
805
Let u(q) = -6*q**2 + 42*q - 14. Determine u(7).
-14
Let w(p) = 2*p**2 - 19*p - 26. Calculate w(9).
-35
Let g(i) = -3*i**2 + 9*i - 47. What is g(6)?
-101
Let o(r) = r**2 - 7*r - 278. What is o(-13)?
-18
Let x(z) = -z**2 + 160*z - 2173. Calculate x(15).
2
Let g(j) = -2*j**2 + 124*j - 1864. What is g(34)?
40
Let o(h) = -h**3 - 23*h**2 + 475*h + 244. Calculate o(-36).
-8
Let k(j) = -3*j**2 - 24*j - 20. What is k(-8)?
-20
Let c(p) = 131*p + 112. Calculate c(-1).
-19
Let s(w) = w**3 - 8*w**2 - 17*w - 81. Determine s(10).
-51
Let l(r) = -67*r + 46. What is l(-5)?
381
Let l(n) = -1334*n + 70695. Give l(53).
-7
Let g(j) = j**2 - 99*j + 725. Calculate g(91).
-3
Let k(b) = 13*b**2 - 9*b + 7. Calculate k(2).
41
Let b(j) = -20*j**3 - 2*j**2 + 13*j + 29. Calculate b(-2).
155
Let a(l) = -370*l - 25897. Give a(-70).
3
Let c(p) = -2*p**3 + 20*p**2 + 146*p - 793. What is c(13)?
91
Let t(p) = -22*p - 204. Calculate t(-11).
38
Let w(z) = -264*z + 7923. What is w(30)?
3
Let u(z) = z**3 + 44*z**2 - 95*z - 29. Give u(-46).
109
Let h(n) = -n**3 - 25*n**2 + 232*n + 281. Calculate h(-32).
25
Let m(o) = -3*o**2 - 317*o - 3621. Determine m(-13).
-7
Let i(s) = -2*s**2 - 52*s + 78. Give i(-28).
-34
Let m(b) = -3*b**3 + 120*b**2 + 392*b - 222. Determine m(43).
-7
Let j(x) = x**3 - 64*x + 48. What is j(8)?
48
Let m(q) = 3*q**3 + 28*q**2 + 48*q - 12. What is m(-7)?
-5
Let y(v) = v**3 + 18*v**2 - v + 36. Determine y(-18).
54
Let q(i) = -12*i + 221. What is q(16)?
29
Let w(a) = -2*a**2 - 59*a + 895. Determine w(11).
4
Let r(j) = 8*j**2 - 3*j - 13. Give r(3).
50
Let h(o) = 24*o + 2867. Calculate h(-102).
419
Let c(j) = -42*j**2 + 294*j - 30. Calculate c(5).
390
Let i(a) = 34*a - 2863. What is i(68)?
-551
Let v(i) = 48*i - 719. Calculate v(15).
1
Let k(p) = -2*p**3 + 2*p**2 - 117*p + 238. Calculate k(2).
-4
Let u(p) = -p**2 + 124*p - 2767. Determine u(96).
-79
Let b(w) = w**3 + 6*w**2 - 182*w + 75. Give b(-17).
-10
Let y(u) = u**3 + 29*u**2 - 444*u - 132. What is y(-40)?
28
Let w(t) = -3*t**2 + 292*t - 3708. Calculate w(15).
-3
Let k(y) = 9*y**3 + 441*y**2 + 20*y + 969. Calculate k(-49).
-11
Let w(c) = -c**3 + 39*c**2 - 6*c + 111. Determine w(39).
-123
Let h(d) = 5*d**2 - 467*d - 7871. What is h(108)?
13
Let y(j) = 3*j**2 + 75*j + 12. What is y(-26)?
90
Let z(g) = -52*g - 515. What is z(-10)?
5
Let q(n) = 28*n + 846. Give q(-35).
-134
Let c(d) = -d**3 - 5*d**2 + 18*d + 22. Give c(-8).
70
Let l(s) = s**3 - 43*s**2 + 105*s - 190. Determine l(41).
753
Let x(n) = -n**3 - 26*n**2 + 154*n + 48. Determine x(-31).
79
Let x(t) = -25*t - 157. Give x(-16).
243
Let p(z) = -2*z**2 - 45*z - 32. What is p(-21)?
31
Let b(k) = k**3 + 2*k**2 - 3*k - 39. Calculate b(0).
-39
Let y(a) = 6*a**2 + 55*a - 105. Determine y(-11).
16
Let s(f) = -f**3 - 11*f**2 - 14*f + 2. What is s(-7)?
-96
Let d(y) = -y**2 - 45*y + 117. Give d(-47).
23
Let h(l) = l**3 + 3*l**2 + 15*l + 70. What is h(-4)?
-6
Let x(q) = 12*q**3 + 3*q**2 + q - 7. Calculate x(-2).
-93
Let o(q) = 552*q + 20982. Determine o(-38).
6
Let b(m) = -1770*m + 3545. Give b(2).
5
Let x(a) = -35*a**2 - 8*a + 8. Calculate x(1).
-35
Let a(b) = -7*b**2 + 147*b - 14. What is a(21)?
-14
Let k(j) = -j**3 - 26*j**2 - 17*j - 447. Determine k(-26).
-5
Let l(i) = -561*i + 4009. Calculate l(7).
82
Let b(z) = -z**3 - 120*z**2 - 358*z - 822. What is b(-117)?
-3
Let w(n) = -2*n**3 + n**2 + 24*n + 22. What is w(-1)?
1
Let c(z) = -4*z**3 + 192*z**2 + z - 58. What is c(48)?
-10
Let a(p) = p**3 - 24*p**2 + 43*p - 75. Give a(22).
-97
Let k(p) = 2733*p - 8403. Calculate k(3).
-204
Let l(i) = -3*i - 117. Calculate l(-42).
9
Let y(c) = 11*c**2 - 4*c + 33. Give y(4).
193
Let f(r) = 6*r + 226. What is f(-5)?
196
Let j(f) = 4*f**3 + 14*f**2 + 7*f + 21. What is j(-4)?
-39
Let x(a) = -8*a**3 - 55*a**2 - 13*a. What is x(-6)?
-174
Let r(s) = 154*s + 10309. What is r(-67)?
-9
Let m(k) = 14*k + 83. Give m(-5).
13
Let a(w) = -9*w - 31. Determine a(-4).
5
Let m(g) = -g**3 + g**2 - g + 27. Calculate m(0).
27
Let n(g) = -4*g**2 - g + 58. Give n(7).
-145
Let w(x) = x**2 - 74*x - 375. Give w(-6).
105
Let z(d) = -d**2 + 6271*d - 56359. Determine z(9).
-1
Let p(j) = -2*j**2 - 51*j - 113. Determine p(-25).
-88
Let b(x) = -3*x**2 + 168*x + 1904. Determine b(66).
-76
Let x(t) = 25*t + 22. What is x(0)?
22
Let l(a) = 15*a**2 - 27*a - 12. What is l(2)?
-6
Let r(n) = 6*n**2 - 108*n + 491. What is r(9)?
5
Let n(m) = m**2 - 50*m + 549. Determine n(34).
5
Let y(u) = -12*u**2 - 1364*u + 362. Calculate y(-114).
-94
Let j(o) = -920*o - 17479. What is j(-19)?
1
Let k(y) = -44*y + 3365. Give k(77).
-23
Let n(a) = 312*a**3 - 6*a**2 + 10*a - 3. Give n(1).
313
Let v(g) = -9*g + 224. What is v(21)?
35
Let a(g) = -56*g + 268. Calculate a(4).
44
Let w(g) = 22*g - 2121. What is w(95)?
-31
Let h(y) = -9*y**2 + 65*y - 186. Give h(3).
-72
Let n(d) = -7*d**3 - 4*d**2 - 4*d + 2. Give n(2).
-78
Let v(d) = 6*d**3 - 6*d**2 - 4*d - 1. Calculate v(-3).
-205
Let l(d) = -d**3 - 76*d**2 - 65*d + 677. Calculate l(-75).
-73
Let s(b) = 42*b**2 + 3192*b - 12. Calculate s(-76).
-12
Let b(p) = 3*p**2 + 197*p + 2748. Calculate b(-20).
8
Let u(r) = -10*r - 46. Give u(-8).
34
Let h(o) = 78*o + 877. Calculate h(-9).
175
Let g(r) = r**2 - 27*r - 15. Determine g(23).
-107
Let c(j) = -j**3 + 6*j**2 + 17*j + 2. What is c(8)?
10
Let d(s) = 2*s**2 - 324*s + 1777. What is d(155)?
-393
Let i(u) = -u**3 - 48*u**2 + 58*u + 446. Give i(-49).
5
Let b(n) = 54*n - 152. Determine b(4).
64
Let i(b) = b**3 - 12*b**2 + 3*b - 13. Calculate i(12).
23
Let v(l) = l**3 - 34*l**2 - 277*l + 1491. Give v(40).
11
Let x(j) = 310*j - 219. Calculate x(2).
401
Let i(z) = z**2 + 94*z + 2196. Determine i(-44).
-4
Let q(f) = -f**3 - 32*f**2 - 128*f - 4152. Calculate q(-32).
-56
Let u(c) = 45*c**2 - 27*c + 10. Determine u(3).
334
Let j(z) = 2*z**3 + 22*z**2 + 33*z. Determine j(-5).
135
Let n(b) = -9*b**2 - b - 12. What is n(-3)?
-90
Let j(g) = -g**3 + 25*g**2 - 118*g + 121. Determine j(20).
-239
Let i(o) = 19*o + 368. Calculate i(-27).
-145
Let m(g) = 939*g + 14104. Determine m(-15).
19
Let p(r) = 2422*r - 4849. Determine p(2).
-5
Let x(b) = -3*b**2 - 6*b + 66. Determine x(-12).
-294
Let v(x) = 113*x + 3359. Calculate v(-31).
-144
Let i(r) = -r**3 - 4*r**2 + 3*r - 39. What is i(4)?
-155
Let a(w) = -2*w**3 - 48*w**2 + 85*w + 859. Give a(-25).
-16
Let v(m) = m**3 + 4*m**2 - 12*m - 62. What is v(-6)?
-62
Let s(h) = -h**2 + 53*h - 156. What is s(49)?
40
Let b(o) = -o**3 - 11*o**2 - 22*o + 9. Calculate b(-2).
17
L